7
What is the remainder when 854424 is divided by 87?
84
What is the remainder when 9755362 is divided by 244?
242
What is the remainder when 2999408 is divided by 999794?
26
What is the remainder when 4372317 is divided by 273236?
541
Calculate the remainder when 5484460 is divided by 1338.
1336
What is the remainder when 12940052 is divided by 1617505?
12
Calculate the remainder when 26319294 is divided by 17.
13
What is the remainder when 8049795 is divided by 163?
40
What is the remainder when 46291 is divided by 815?
651
Calculate the remainder when 14657953 is divided by 13648.
1
Calculate the remainder when 18253297 is divided by 43152.
1
Calculate the remainder when 70216 is divided by 1091.
392
Calculate the remainder when 1674681 is divided by 47795.
1856
Calculate the remainder when 866296 is divided by 9625.
46
Calculate the remainder when 3120321 is divided by 63.
57
Calculate the remainder when 70462 is divided by 8676.
1054
Calculate the remainder when 27387935 is divided by 50161.
29
Calculate the remainder when 60410722 is divided by 1117.
11
What is the remainder when 266978 is divided by 4129?
2722
What is the remainder when 108889 is divided by 377?
313
What is the remainder when 20428983 is divided by 1297?
1233
Calculate the remainder when 222468 is divided by 27808.
4
Calculate the remainder when 778069 is divided by 649.
567
Calculate the remainder when 41149 is divided by 10168.
477
What is the remainder when 451123 is divided by 1783?
24
Calculate the remainder when 1143738 is divided by 49705.
523
What is the remainder when 5620404 is divided by 107?
15
Calculate the remainder when 9535781 is divided by 381431.
6
What is the remainder when 56887 is divided by 154?
61
Calculate the remainder when 4307257 is divided by 39156.
97
Calculate the remainder when 4255498 is divided by 33.
16
What is the remainder when 480331681 is divided by 36948590?
11
What is the remainder when 272655 is divided by 136303?
49
Calculate the remainder when 20275366 is divided by 171.
67
Calculate the remainder when 61563845 is divided by 36.
29
What is the remainder when 1103797 is divided by 808?
69
Calculate the remainder when 865986 is divided by 3866.
2
Calculate the remainder when 125640 is divided by 17336.
4288
What is the remainder when 534709 is divided by 1094?
837
What is the remainder when 686960 is divided by 99?
98
Calculate the remainder when 441820 is divided by 10274.
38
What is the remainder when 72522 is divided by 1644?
186
Calculate the remainder when 2431319 is divided by 85.
64
What is the remainder when 16455023 is divided by 266?
263
What is the remainder when 78031665 is divided by 39015828?
9
What is the remainder when 10306 is divided by 1503?
1288
Calculate the remainder when 12303934 is divided by 3814.
3784
Calculate the remainder when 28092526 is divided by 6.
4
Calculate the remainder when 108521 is divided by 1936.
105
What is the remainder when 7947 is divided by 1302?
135
What is the remainder when 2399462 is divided by 1588?
1582
Calculate the remainder when 3879693 is divided by 23.
7
Calculate the remainder when 2421828 is divided by 2257.
67
Calculate the remainder when 22239291 is divided by 13.
9
What is the remainder when 317574 is divided by 19508?
5446
What is the remainder when 47433716 is divided by 30?
26
Calculate the remainder when 2340262 is divided by 46805.
12
Calculate the remainder when 1847168 is divided by 206.
172
What is the remainder when 71055 is divided by 3929?
333
What is the remainder when 350484 is divided by 1702?
1574
Calculate the remainder when 504340 is divided by 2335.
2315
Calculate the remainder when 35986 is divided by 686.
314
Calculate the remainder when 51733 is divided by 46543.
5190
What is the remainder when 55575465 is divided by 12?
9
Calculate the remainder when 165677495 is divided by 50.
45
Calculate the remainder when 19503343 is divided by 295.
8
What is the remainder when 1104847 is divided by 421?
143
What is the remainder when 92743 is divided by 22555?
2523
Calculate the remainder when 187940 is divided by 746.
694
Calculate the remainder when 209049 is divided by 6693.
1566
Calculate the remainder when 376550 is divided by 22146.
68
Calculate the remainder when 22075619 is divided by 23.
12
Calculate the remainder when 48881 is divided by 48802.
79
Calculate the remainder when 3619906 is divided by 1158.
1156
Calculate the remainder when 48136 is divided by 3224.
3000
Calculate the remainder when 147017567 is divided by 994.
991
What is the remainder when 8898207 is divided by 45?
42
Calculate the remainder when 210671 is divided by 219.
212
Calculate the remainder when 14246 is divided by 1972.
442
What is the remainder when 1147368 is divided by 16628?
36
What is the remainder when 5095617 is divided by 960?
897
Calculate the remainder when 2285949 is divided by 3710.
589
What is the remainder when 1668864 is divided by 34?
8
What is the remainder when 2866636 is divided by 16?
12
Calculate the remainder when 31022617 is divided by 375.
367
What is the remainder when 3876684 is divided by 1255?
1244
Calculate the remainder when 245260 is divided by 1074.
388
Calculate the remainder when 2397758 is divided by 58.
38
What is the remainder when 1588471 is divided by 849?
841
What is the remainder when 12159 is divided by 956?
687
What is the remainder when 32678 is divided by 8104?
262
Calculate the remainder when 80511 is divided by 10047.
135
What is the remainder when 921054 is divided by 13344?
318
Calculate the remainder when 1422182 is divided by 710957.
268
Calculate the remainder when 106703 is divided by 55.
3
What is the remainder when 50214 is divided by 12412?
566
What is the remainder when 6177513 is divided by 127?
106
What is the remainder when 384640 is divided by 144?
16
What is the remainder when 288288035 is divided by 564?
563
What is the remainder when 188139517 is divided by 2322710?
7
What is the remainder when 2539444 is divided by 182?
180
Calculate the remainder when 17098891 is divided by 306.
223
What is the remainder when 97499398 is divided by 1001?
997
What is the remainder when 1255197 is divided by 139454?
111
What is the remainder when 27141 is divided by 5399?
146
What is the remainder when 127566 is divided by 10627?
42
What is the remainder when 626207 is divided by 626203?
4
Calculate the remainder when 11123135 is divided by 3707705.
20
Calculate the remainder when 295819 is divided by 147895.
29
Calculate the remainder when 1493003 is divided by 20.
3
Calculate the remainder when 24389180 is divided by 3656.
4
What is the remainder when 335469420 is divided by 3184?
3180
What is the remainder when 32985580 is divided by 1726?
1720
What is the remainder when 3068982 is divided by 1332?
54
Calculate the remainder when 873120829 is divided by 358.
357
Calculate the remainder when 37169436 is divided by 280.
276
What is the remainder when 10474 is divided by 4661?
1152
Calculate the remainder when 6773884 is divided by 11659.
5
Calculate the remainder when 517465 is divided by 12034.
3
Calculate the remainder when 192350 is divided by 13488.
3518
Calculate the remainder when 1573520 is divided by 62938.
70
Calculate the remainder when 223260 is divided by 12.
0
What is the remainder when 1473249 is divided by 46?
7
What is the remainder when 182363 is divided by 67?
56
Calculate the remainder when 2699179 is divided by 10302.
55
What is the remainder when 1232491 is divided by 154060?
11
Calculate the remainder when 2098994 is divided by 1049480.
34
What is the remainder when 2100975 is divided by 464?
447
What is the remainder when 27632 is divided by 564?
560
Calculate the remainder when 1807392 is divided by 13488.
0
What is the remainder when 307335 is divided by 142?
47
Calculate the remainder when 182312516 is divided by 281.
278
Calculate the remainder when 868378 is divided by 557.
15
What is the remainder when 386539 is divided by 109?
25
What is the remainder when 18184 is divided by 17427?
757
Calculate the remainder when 7440507 is divided by 96.
27
Calculate the remainder when 571521 is divided by 95253.
3
Calculate the remainder when 10885412 is divided by 572910.
122
What is the remainder when 2